e highest common divisor of v and n?
8
Let o = 259 - -283. Let n = o + -518. Calculate the highest common divisor of 51 and n.
3
Let w be 135/12*12 + 1*3. Suppose w*f = 142*f - 212. Calculate the highest common factor of 1007 and f.
53
Suppose -4*r - 6*t + 2*t = -48, r = 2*t. Let j be ((-2)/((-2)/3))/(3/r). Suppose -j - 19 = -3*w. Calculate the greatest common factor of w and 1.
1
Let z = 9887 - 9323. Calculate the greatest common divisor of z and 84.
12
Let m(y) be the first derivative of y**3/3 - 8*y**2 + 10*y - 11. Let k be m(20). Let i be (30/(-50))/((-2)/k). Calculate the greatest common factor of 18 and i.
9
Let l be (0 + 2)*(-825)/(-330). Suppose -11*w = -6*w - 20. Suppose -w*o + 2*j = 5*j - 140, 2*o - 70 = -5*j. Calculate the highest common factor of o and l.
5
Let k be 6/(-9)*10*(-3348)/155. Suppose 2*v = 4, 24*x - 4*v = 28*x - k. What is the greatest common factor of x and 544?
34
Let l = 25 - 8. Suppose 0 = 5*h - l*h + 2772. Let b be ((-21)/(-4))/(10/40). Calculate the highest common divisor of b and h.
21
Let u(s) = s - 17. Let t be u(17). Let q(r) = 3*r + 17 - 9 + 8*r**2 - 14 + t*r. Let d be q(2). Calculate the greatest common divisor of d and 288.
32
Suppose 9 = 2*s + t + 2, -13 = -5*s - t. Suppose j - 3*j + 137 = -o, 3*j - s*o = 206. Calculate the greatest common divisor of j and 136.
68
Let a = 373 - 337. Suppose -3*v - 2*v + 60 = -5*b, 3*v = -4*b + a. What is the highest common factor of 28 and v?
4
Let w be -12*(-6*1)/1. Suppose 0*q + w = 4*c + q, -q - 4 = 0. Suppose c = g + 14. What is the greatest common divisor of 45 and g?
5
Suppose 3*z - z + 8 = 2*n, 5*n - 3*z = 18. Let j be 87/58*1096/n. Calculate the greatest common divisor of 4 and j.
4
Let k be 5933/(-136)*-12*(-14)/(-3). What is the greatest common factor of k and 7?
7
Let o(p) = -5*p**2 + 54*p + 19. Suppose 0 = -q + 66 - 55. Let i be o(q). What is the greatest common factor of 1176 and i?
8
Suppose -c = 361 - 401. What is the greatest common divisor of c and 2360?
40
Suppose 10*i = 3*j + 8*i - 508, 473 = 3*j + 5*i. Let l = 175 - j. What is the greatest common divisor of 108 and l?
9
Let a(t) = -24*t - 117. Let v be a(-5). Let p(g) = 5*g**2 - 13*g + 20. Let l be p(v). What is the greatest common factor of l and 208?
26
Suppose -f - 65 = -6*f. Let z(b) = 21 - b**2 - 14*b + 2 + 8 - 12. Let l be z(-11). Calculate the greatest common divisor of l and f.
13
Let c(x) = x**2 - 5*x - 21. Let k be c(8). Let h be (-12)/(18/k)*-8. What is the greatest common factor of 12 and h?
4
Let j = 1356 - 1266. Suppose -3*i + m = -56, 3*i - m = 4*i - 16. Calculate the highest common divisor of j and i.
18
Let g(x) = x**2 - 9*x + 14. Let w be g(8). Suppose w*b - 24 - 96 = 0. Calculate the highest common divisor of b and 5.
5
Let g be ((-18)/3)/(6 + 184/(-14) + 7). Calculate the highest common divisor of g and 567.
21
Let u(l) = -l**3 + 12*l**2 - 35*l - 1. Let i be u(6). Suppose 40 + 65 = i*o. What is the highest common factor of o and 7?
7
Let a be -7 - -1 - (6/(-4))/((-156)/(-1976)). Let s(q) = 36*q**3 + 3*q**2 - 3*q + 5. Let h be s(2). Calculate the highest common factor of a and h.
13
Suppose -7*i + 10*i + 5*l = -1, -l = 3*i - 19. Calculate the highest common factor of i and 2040.
8
Suppose -4*b + 32 = -o - 60, o = -2*b + 40. Calculate the greatest common factor of b and 182.
2
Suppose 5*o - 73 = 3*d, 0*o = -5*o - 5. Let t be ((-2 - -2) + -2)/(1/d). Let q be -26*(-3 + 20/8). What is the greatest common divisor of q and t?
13
Let p = -14 + 70. Suppose -2*r + 40 = -r - 4*d, 5*r - 264 = 4*d. What is the greatest common factor of p and r?
56
Let b = 70 - 73. Let k = 3 - b. Suppose k*j - 22 = 4*j. Calculate the highest common divisor of j and 121.
11
Suppose 0 = 10*p - 13*p + 18. Let h be (-40)/p*(-27)/15. What is the greatest common divisor of 28 and h?
4
Let m be ((-12)/((-168)/(-2590)))/((-10)/(-12) - 1). What is the highest common divisor of m and 210?
30
Suppose -4*i + g = -109, -i - 3*g = -0*g + 2. What is the highest common factor of i and 2195?
5
Suppose -25*i = -46 - 111 - 18. Let a(j) = 550*j - 1. Let p be a(2). What is the greatest common factor of i and p?
7
Let l(t) = t**3 - 30*t**2 + 6*t + 59. Let q be l(31). What is the highest common factor of q and 36?
18
Suppose -2*l + 115 - 35 = -c, 2*l = -2*c + 80. What is the highest common factor of 244 and l?
4
Let d = 22 + -239. Let l be d/(-1) - (0 + -4). Calculate the highest common divisor of l and 17.
17
Let u be 37/(-10) - 195/650. Let s be (-59*2/u)/((-116)/(-232)). Calculate the greatest common divisor of 1180 and s.
59
Let s = -11478 + 11479. Let n be 4/6*75/2. What is the greatest common factor of n and s?
1
Let q(p) = -p + 47. Let z be q(0). Suppose -36*y + 4293 = -4167. Calculate the highest common factor of y and z.
47
Suppose -x - 3*q = 0, 0*x + 5*x + 3*q = 12. Let k(t) = -2*t**3 - 3*t - 3. Let r be k(x). Let u = -21 - r. Calculate the highest common divisor of 9 and u.
9
Suppose p - 8134 = -4*s, -442*s + 440*s = 3*p - 24452. Calculate the highest common divisor of 72 and p.
18
Let w = 1483 - 80. Suppose -115 = 7*o - w. What is the greatest common factor of 322 and o?
46
Suppose 0 = -c + 4*o + 922, 0*c - o = 2*c - 1844. Suppose -c = -25*b + 178. What is the greatest common factor of 143 and b?
11
Suppose 0 = n - 11*n + 1560. Let q be ((-26)/(-4))/((3 + 0)/54). Calculate the highest common factor of n and q.
39
Suppose 4*j + t = 11, -j + 14 = 2*j - 5*t. Suppose 4*s - 96 = -g, 3*g + 5*s - 9*s - 288 = 0. Calculate the highest common divisor of g and j.
3
Suppose -2*n + 32 = -6*a + 5*a, -2*n + 36 = -3*a. Let f(c) = -74*c + n*c + 40*c + 51*c + 4. Let t be f(1). What is the highest common factor of t and 90?
18
Let p(m) = -3*m - 9. Let w be p(-4). Suppose -7*x = w*x - 330. Let c = 46 + -2. Calculate the highest common divisor of x and c.
11
Suppose 0 = -50*z + 73*z - 7452. Calculate the highest common divisor of 1377 and z.
81
Suppose 887 = 3*d + 848. Calculate the highest common factor of 5837 and d.
13
Let o = 346 - 377. Let a = -3 - o. What is the greatest common factor of a and 16?
4
Suppose 0 = -2*k + 45*v - 44*v + 2444, 4*k - 4888 = -2*v. What is the highest common factor of 188 and k?
94
Let z be ((-56)/21)/(2/(-3)). Suppose -z*a + 362 = 310. What is the highest common divisor of 13 and a?
13
Let u be (66/(-88))/(3*(-1)/8). Suppose -2*z = 5*n - 40, -u*n + 3*z = n - 3. Calculate the greatest common divisor of n and 18.
6
Let p be ((-240)/(-108))/((-6)/(-27)). Let d = 4071 + -4037. What is the highest common factor of d and p?
2
Let l = 128 - 239. Suppose 5*c = 3*z - 365, 22*c = -3*z + 25*c + 357. Let s = z + l. Calculate the highest common divisor of s and 4.
4
Let a(f) = f**2 - f. Let y be a(2). Let c = 383 + -374. Let p = y + c. What is the greatest common factor of p and 1?
1
Let s(a) = 1915*a**2 - 907*a - 3. Let h be s(5). Calculate the highest common factor of 287 and h.
287
Let t(a) be the second derivative of -79*a**3/6 - 31*a**2/2 - 2*a - 37. Let b be t(-1). Calculate the highest common factor of b and 15.
3
Suppose -1085400 = -251*b + 89*b. Calculate the highest common divisor of 67 and b.
67
Let f be ((-129)/9*1)/((-6)/36). Suppose 0 = -8*a + f - 6. Calculate the greatest common factor of a and 35.
5
Let h(d) = -32*d**3 + 36*d**2 + 77*d - 2. Let m be h(-2). Calculate the greatest common factor of 671 and m.
61
Suppose -190 = 2*r + 22. Let m be r*(-2)/18 + (-24)/(-108). Calculate the highest common divisor of 84 and m.
12
Let h(t) = -t**2 + 49*t - 55. Suppose 2*d - 107 = -27. Let p be h(d). What is the greatest common factor of 122 and p?
61
Let x be (6/(-10))/((-17)/2635). Suppose 4*j = x + 63. Calculate the greatest common divisor of 13 and j.
13
Let w(o) = -5*o**2 - 172*o - 563. Let r(n) = -n**2 - 34*n - 112. Let q(a) = 11*r(a) - 2*w(a). Let x be q(-17). What is the highest common divisor of x and 5?
5
Let t(g) = -5*g - 66. Let o be (0 - (-147)/(-9)) + 5/(-3). Let s be t(o). What is the greatest common divisor of s and 56?
8
Let k(y) = -41*y - 1658. Let o be k(-44). What is the greatest common divisor of o and 3285?
73
Let h be (-1)/(23/46) + 102. What is the highest common divisor of 54500 and h?
100
Suppose 4634*c - 1584 = 4630*c - 4*i, -1948 = -5*c + 3*i. Let o = -69 + 118. What is the greatest common